{"id":21,"date":"2016-11-18T10:26:00","date_gmt":"2016-11-18T09:26:00","guid":{"rendered":"http:\/\/www.lvpc.gouby.fr\/?page_id=21"},"modified":"2026-03-30T17:02:00","modified_gmt":"2026-03-30T15:02:00","slug":"les-bras","status":"publish","type":"page","link":"https:\/\/la-vie-pour-christie.com\/index.php\/la-maladie\/les-bras\/","title":{"rendered":"Les Bras"},"content":{"rendered":"<p>La face externe de ses bras pr\u00e9sente une forme diff\u00e9rente de l\u00e9sions de celles du visage et des jambes qui se d\u00e9veloppent toutes les ann\u00e9es principalement \u00e0 partir de Mai jusqu\u2019en Octobre pour Christie et quasiment tout au long de l&rsquo;ann\u00e9e pour Charlie.<br \/>\nL\u2019\u00e9volution des l\u00e9sions se pr\u00e9sente comme suit\u00a0: l\u2019ext\u00e9rieur des bras pr\u00e9sentent des l\u00e9sions en forme de cercle, donne une impression de br\u00fblure.<\/p>\n<p><img loading=\"lazy\" decoding=\"async\" class=\"alignnone size-full wp-image-279\" src=\"http:\/\/www.la-vie-pour-christie.com\/wp-content\/uploads\/2016\/11\/bras3.jpg\" alt=\"bras3\" width=\"147\" height=\"293\" \/> <img loading=\"lazy\" decoding=\"async\" class=\"alignnone size-medium wp-image-280\" src=\"http:\/\/www.la-vie-pour-christie.com\/wp-content\/uploads\/2016\/11\/bras5-300x244.jpg\" alt=\"bras5\" width=\"300\" height=\"244\" srcset=\"https:\/\/la-vie-pour-christie.com\/wp-content\/uploads\/2016\/11\/bras5-300x244.jpg 300w, https:\/\/la-vie-pour-christie.com\/wp-content\/uploads\/2016\/11\/bras5.jpg 360w\" sizes=\"auto, (max-width: 300px) 100vw, 300px\" \/><\/p>\n<p>Puis un \u00e9paississement de la peau qui se fissure en quelques heures. (D&rsquo;un jour \u00e0 l\u2019autre) Ce proc\u00e9d\u00e9 peut aller jusqu\u2019au saignement si nous n\u2019arrivons pas \u00e0 le stopper avant sachant qu\u2019il n\u2019y a aucun traitement miracle. (Un antibiotique local peut donner des r\u00e9sultats satisfaisant \u00e0 conditions que les l\u00e9sions ne soient pas profondes, vives ou purulentes, ou au mieux un immunosuppresseur sur du court terme, car il est d\u00e9conseiller d&rsquo;en abuser)<br \/>\nCet \u00e9tat peut durer de un \u00e0 trois mois sans que nous ayons chang\u00e9 leurs habitudes.<\/p>\n<p><img loading=\"lazy\" decoding=\"async\" class=\"alignnone size-medium wp-image-281\" src=\"http:\/\/www.la-vie-pour-christie.com\/wp-content\/uploads\/2016\/11\/bras6-300x244.jpg\" alt=\"bras6\" width=\"300\" height=\"244\" srcset=\"https:\/\/la-vie-pour-christie.com\/wp-content\/uploads\/2016\/11\/bras6-300x244.jpg 300w, https:\/\/la-vie-pour-christie.com\/wp-content\/uploads\/2016\/11\/bras6.jpg 360w\" sizes=\"auto, (max-width: 300px) 100vw, 300px\" \/><\/p>\n<p><img loading=\"lazy\" decoding=\"async\" class=\"alignnone size-medium wp-image-283\" src=\"http:\/\/www.la-vie-pour-christie.com\/wp-content\/uploads\/2016\/11\/IMGP2644.1-148x300.jpg\" alt=\"imgp2644-1\" width=\"148\" height=\"300\" srcset=\"https:\/\/la-vie-pour-christie.com\/wp-content\/uploads\/2016\/11\/IMGP2644.1-148x300.jpg 148w, https:\/\/la-vie-pour-christie.com\/wp-content\/uploads\/2016\/11\/IMGP2644.1-768x1558.jpg 768w, https:\/\/la-vie-pour-christie.com\/wp-content\/uploads\/2016\/11\/IMGP2644.1-505x1024.jpg 505w, https:\/\/la-vie-pour-christie.com\/wp-content\/uploads\/2016\/11\/IMGP2644.1.jpg 865w\" sizes=\"auto, (max-width: 148px) 100vw, 148px\" \/> <img loading=\"lazy\" decoding=\"async\" class=\"alignnone size-medium wp-image-284\" src=\"http:\/\/www.la-vie-pour-christie.com\/wp-content\/uploads\/2016\/11\/IMGP2645.5-128x300.jpg\" alt=\"imgp2645-5\" width=\"128\" height=\"300\" srcset=\"https:\/\/la-vie-pour-christie.com\/wp-content\/uploads\/2016\/11\/IMGP2645.5-128x300.jpg 128w, https:\/\/la-vie-pour-christie.com\/wp-content\/uploads\/2016\/11\/IMGP2645.5.jpg 173w\" sizes=\"auto, (max-width: 128px) 100vw, 128px\" \/><br \/>\nL\u00e9sions \u00e9t\u00e9<\/p>\n<div id=\"attachment_285\" style=\"width: 235px\" class=\"wp-caption alignnone\"><img loading=\"lazy\" decoding=\"async\" aria-describedby=\"caption-attachment-285\" class=\"size-medium wp-image-285\" src=\"http:\/\/www.la-vie-pour-christie.com\/wp-content\/uploads\/2016\/11\/P1180622-225x300.jpg\" alt=\"OLYMPUS DIGITAL CAMERA\" width=\"225\" height=\"300\" srcset=\"https:\/\/la-vie-pour-christie.com\/wp-content\/uploads\/2016\/11\/P1180622-225x300.jpg 225w, https:\/\/la-vie-pour-christie.com\/wp-content\/uploads\/2016\/11\/P1180622-768x1024.jpg 768w, https:\/\/la-vie-pour-christie.com\/wp-content\/uploads\/2016\/11\/P1180622.jpg 1368w\" sizes=\"auto, (max-width: 225px) 100vw, 225px\" \/><p id=\"caption-attachment-285\" class=\"wp-caption-text\">OLYMPUS DIGITAL CAMERA<\/p><\/div>\n<p>L\u00e9sions hivers<\/p>\n","protected":false},"excerpt":{"rendered":"<p>La face externe de ses bras pr\u00e9sente une forme diff\u00e9rente de l\u00e9sions de celles du visage et des jambes qui se d\u00e9veloppent toutes les ann\u00e9es principalement \u00e0 partir de Mai jusqu\u2019en Octobre pour Christie et quasiment tout au long de l&rsquo;ann\u00e9e pour Charlie. L\u2019\u00e9volution des l\u00e9sions se pr\u00e9sente comme suit\u00a0: l\u2019ext\u00e9rieur des bras pr\u00e9sentent des [&hellip;]<\/p>\n","protected":false},"author":1,"featured_media":0,"parent":16,"menu_order":2,"comment_status":"closed","ping_status":"closed","template":"","meta":{"footnotes":""},"class_list":["post-21","page","type-page","status-publish","hentry"],"_links":{"self":[{"href":"https:\/\/la-vie-pour-christie.com\/index.php\/wp-json\/wp\/v2\/pages\/21","targetHints":{"allow":["GET"]}}],"collection":[{"href":"https:\/\/la-vie-pour-christie.com\/index.php\/wp-json\/wp\/v2\/pages"}],"about":[{"href":"https:\/\/la-vie-pour-christie.com\/index.php\/wp-json\/wp\/v2\/types\/page"}],"author":[{"embeddable":true,"href":"https:\/\/la-vie-pour-christie.com\/index.php\/wp-json\/wp\/v2\/users\/1"}],"replies":[{"embeddable":true,"href":"https:\/\/la-vie-pour-christie.com\/index.php\/wp-json\/wp\/v2\/comments?post=21"}],"version-history":[{"count":3,"href":"https:\/\/la-vie-pour-christie.com\/index.php\/wp-json\/wp\/v2\/pages\/21\/revisions"}],"predecessor-version":[{"id":286,"href":"https:\/\/la-vie-pour-christie.com\/index.php\/wp-json\/wp\/v2\/pages\/21\/revisions\/286"}],"up":[{"embeddable":true,"href":"https:\/\/la-vie-pour-christie.com\/index.php\/wp-json\/wp\/v2\/pages\/16"}],"wp:attachment":[{"href":"https:\/\/la-vie-pour-christie.com\/index.php\/wp-json\/wp\/v2\/media?parent=21"}],"curies":[{"name":"wp","href":"https:\/\/api.w.org\/{rel}","templated":true}]}}