{"id":583,"date":"2026-03-30T15:54:07","date_gmt":"2026-03-30T13:54:07","guid":{"rendered":"https:\/\/www.la-vie-pour-christie.com\/?page_id=583"},"modified":"2026-05-11T15:37:27","modified_gmt":"2026-05-11T13:37:27","slug":"accueil","status":"publish","type":"page","link":"https:\/\/la-vie-pour-christie.com\/","title":{"rendered":"Accueil"},"content":{"rendered":"<p>Nous r\u00eavons d\u2019un monde o\u00f9 <strong>Christie et Charlie<\/strong> \u2014 et tous les enfants atteints de maladies rares \u2014 puissent b\u00e9n\u00e9ficier de soins adapt\u00e9s, d\u2019un environnement apais\u00e9 et d\u2019une reconnaissance de leurs besoins sp\u00e9cifiques.<br \/>\nNotre association est une main tendue vers cet avenir.<\/p>\n<p><strong>\u00a0<\/strong><\/p>\n<p><strong>Christie et Charlie<\/strong> sont deux jeunes filles atteintes d\u2019une neurodermatose rare parmi les rares , associ\u00e9e \u00e0 des troubles neurodeveloppementaux.<\/p>\n<p>(Annonce prochaine du diagnostic)<\/p>\n<p><img loading=\"lazy\" decoding=\"async\" class=\"size-full wp-image-581 aligncenter\" src=\"https:\/\/www.la-vie-pour-christie.com\/wp-content\/uploads\/2026\/03\/cropped-logo-lvpc-2026-1-e1774878371690.png\" alt=\"\" width=\"302\" height=\"224\" srcset=\"https:\/\/la-vie-pour-christie.com\/wp-content\/uploads\/2026\/03\/cropped-logo-lvpc-2026-1-e1774878371690.png 302w, https:\/\/la-vie-pour-christie.com\/wp-content\/uploads\/2026\/03\/cropped-logo-lvpc-2026-1-e1774878371690-300x223.png 300w\" sizes=\"auto, (max-width: 302px) 100vw, 302px\" \/><\/p>\n<p>&nbsp;<\/p>\n<p>L\u2019Association pour <strong>Christie &amp; Charlie<\/strong> est n\u00e9e de la volont\u00e9 d\u2019une famille de se battre pour offrir \u00e0 deux jeunes filles, les meilleures conditions de vie et de soins possibles malgr\u00e9 la maladie.<br \/>\nToutes deux sont atteintes d\u2019une pathologie cutan\u00e9e rare, les obligeant \u00e0 vivre \u00e0 l\u2019abri de la lumi\u00e8re, du soleil, des UV, de la chaleur et du froid.<\/p>\n<p>Christie, \u00e9galement porteuse d\u2019un autisme s\u00e9v\u00e8re, d\u2019une d\u00e9ficience intellectuelle majeure et d\u2019une scl\u00e9rose en plaques diagnostiqu\u00e9e en 2021, n\u00e9cessitant un suivi m\u00e9dical constant et hautement sp\u00e9cialis\u00e9.<\/p>\n<p>Charlie, atteinte de troubles du spectre de l\u2019autisme, un Tda, d\u2019une hypersensibilit\u00e9 et d\u2019une dyscalculie s\u00e9v\u00e8re, n\u00e9cessitant \u00e9galement un suivi m\u00e9dical constant et particulier.<\/p>\n<p>Face \u00e0 ces d\u00e9fis du quotidien, l\u2019association a vu le jour pour r\u00e9pondre \u00e0 un besoin simple mais vital : permettre \u00e0 Christie et Charlie de <strong>vivre dignement, sereinement, et d\u2019acc\u00e9der aux soins dont elles ont besoin<\/strong> puisque leur suivi est organis\u00e9 \u00e0 l\u2019h\u00f4pital Necker-enfants-malades \u00e0 Paris et que ne sont pas pris en charge les d\u00e9placements, les trajets (tgv et taxis), les d\u00e9passements d\u2019honoraires, les frais annexes aux s\u00e9jours.<\/p>\n<p>Lien fb\u00a0: assochristie\u00a0; Maman.de\u00a0; (Profil et page)<\/p>\n<p>Insta\u00a0: assochristie<\/p>\n<h2 style=\"text-align: center;\"><span style=\"color: #ff00ff;\"><strong>Les Cr\u00e9ations<\/strong><\/span><\/h2>\n<h3 style=\"text-align: center;\"><span style=\"color: #000000;\"><strong>Vampirouette<\/strong> \u2013 (Disponible)<\/span><\/h3>\n<p><img loading=\"lazy\" decoding=\"async\" class=\"sFlh5c FyHeAf iPVvYb aligncenter\" src=\"https:\/\/www.la-vie-pour-christie.com\/wp-content\/uploads\/2019\/06\/vampirouette.jpg\" alt=\"Vampirouette \u2013 Association La Vie Pour Christie\" width=\"452\" height=\"371\" \/><\/p>\n<p style=\"text-align: center;\"><span style=\"color: #000000;\"><strong>Le Secret de Lola<\/strong>\u00a0 (Non Disponible)<\/span><\/p>\n<p>\u00a0<img loading=\"lazy\" decoding=\"async\" class=\"sFlh5c FyHeAf iPVvYb alignleft\" src=\"https:\/\/www.editions-maia.com\/wp-content\/smush-webp\/2019\/04\/Couv-Lola-1ERE-scaled.jpg.webp\" alt=\"Le secret de Lola par Charlie Robert &amp; H\u00e9l\u00e8ne Robert \u2022 Achat en ...\" width=\"352\" height=\"281\" \/><img loading=\"lazy\" decoding=\"async\" class=\"wp-image-545 alignright\" src=\"https:\/\/www.la-vie-pour-christie.com\/wp-content\/uploads\/2019\/06\/IMG_5975-1024x724.jpg\" alt=\"\" width=\"318\" height=\"225\" srcset=\"https:\/\/la-vie-pour-christie.com\/wp-content\/uploads\/2019\/06\/IMG_5975-1024x724.jpg 1024w, https:\/\/la-vie-pour-christie.com\/wp-content\/uploads\/2019\/06\/IMG_5975-300x212.jpg 300w, https:\/\/la-vie-pour-christie.com\/wp-content\/uploads\/2019\/06\/IMG_5975-768x543.jpg 768w, https:\/\/la-vie-pour-christie.com\/wp-content\/uploads\/2019\/06\/IMG_5975.jpg 1590w\" sizes=\"auto, (max-width: 318px) 100vw, 318px\" \/><\/p>\n<p>&nbsp;<\/p>\n<p>&nbsp;<\/p>\n<p>&nbsp;<\/p>\n<p>&nbsp;<\/p>\n<p>&nbsp;<\/p>\n<p>&nbsp;<\/p>\n<p style=\"text-align: center;\"><span style=\"color: #000000;\"><strong>Morgane F\u00e9e des dents<\/strong>\u00a0(Disponible)<\/span><\/p>\n<p><img loading=\"lazy\" decoding=\"async\" class=\"alignnone wp-image-455 aligncenter\" src=\"https:\/\/www.la-vie-pour-christie.com\/wp-content\/uploads\/2017\/12\/image2-734x1024.jpg\" alt=\"\" width=\"276\" height=\"569\" \/><\/p>\n<p style=\"text-align: center;\"><strong>Nos valeurs<\/strong><\/p>\n<p style=\"padding-left: 120px;\"><strong>Bienveillance<\/strong> : chaque geste compte, chaque sourire apaise.<\/p>\n<p style=\"padding-left: 120px;\"><strong>Solidarit\u00e9<\/strong> : ensemble, nous sommes leur force.<\/p>\n<p style=\"padding-left: 120px;\"><strong>Transparence<\/strong> : chaque don, chaque aide est utilis\u00e9e pour leur bien-\u00eatre.<\/p>\n<p style=\"padding-left: 120px;\"><strong>Espoir<\/strong> : parce que chaque jour est une victoire.<\/p>\n<p style=\"text-align: center;\">Si vous souhaitez acheter un livre, vous pouvez contacter l\u2019association par mail\u00a0ou par t\u00e9l\u00e9phone<\/p>\n<p style=\"text-align: center;\"><span style=\"color: #cc99ff;\">\u00a0<\/span><a href=\"mailto:christieasso@gmail.com\"><span style=\"color: #cc99ff;\">christieasso@gmail.com<\/span><\/a><\/p>\n","protected":false},"excerpt":{"rendered":"<p>Nous r\u00eavons d\u2019un monde o\u00f9 Christie et Charlie \u2014 et tous les enfants atteints de maladies rares \u2014 puissent b\u00e9n\u00e9ficier de soins adapt\u00e9s, d\u2019un environnement apais\u00e9 et d\u2019une reconnaissance de leurs besoins sp\u00e9cifiques. Notre association est une main tendue vers cet avenir. \u00a0 Christie et Charlie sont deux jeunes filles atteintes d\u2019une neurodermatose rare parmi [&hellip;]<\/p>\n","protected":false},"author":1,"featured_media":0,"parent":0,"menu_order":0,"comment_status":"closed","ping_status":"closed","template":"","meta":{"footnotes":""},"class_list":["post-583","page","type-page","status-publish","hentry"],"_links":{"self":[{"href":"https:\/\/la-vie-pour-christie.com\/index.php\/wp-json\/wp\/v2\/pages\/583","targetHints":{"allow":["GET"]}}],"collection":[{"href":"https:\/\/la-vie-pour-christie.com\/index.php\/wp-json\/wp\/v2\/pages"}],"about":[{"href":"https:\/\/la-vie-pour-christie.com\/index.php\/wp-json\/wp\/v2\/types\/page"}],"author":[{"embeddable":true,"href":"https:\/\/la-vie-pour-christie.com\/index.php\/wp-json\/wp\/v2\/users\/1"}],"replies":[{"embeddable":true,"href":"https:\/\/la-vie-pour-christie.com\/index.php\/wp-json\/wp\/v2\/comments?post=583"}],"version-history":[{"count":12,"href":"https:\/\/la-vie-pour-christie.com\/index.php\/wp-json\/wp\/v2\/pages\/583\/revisions"}],"predecessor-version":[{"id":676,"href":"https:\/\/la-vie-pour-christie.com\/index.php\/wp-json\/wp\/v2\/pages\/583\/revisions\/676"}],"wp:attachment":[{"href":"https:\/\/la-vie-pour-christie.com\/index.php\/wp-json\/wp\/v2\/media?parent=583"}],"curies":[{"name":"wp","href":"https:\/\/api.w.org\/{rel}","templated":true}]}}