{"id":614,"date":"2026-03-30T16:33:58","date_gmt":"2026-03-30T14:33:58","guid":{"rendered":"https:\/\/www.la-vie-pour-christie.com\/?page_id=614"},"modified":"2026-03-30T16:33:58","modified_gmt":"2026-03-30T14:33:58","slug":"les-buts-de-lassociation","status":"publish","type":"page","link":"https:\/\/la-vie-pour-christie.com\/index.php\/lassociation\/les-buts-de-lassociation\/","title":{"rendered":"Les buts de l\u2019association"},"content":{"rendered":"<p>L\u2019association a pour objectif principal de soutenir Christie et Charlie dans leur quotidien, leur sant\u00e9 et leur \u00e9panouissement. Pour cela, elle se fixe plusieurs missions compl\u00e9mentaires :<\/p>\n<ol>\n<li><strong> Soutien m\u00e9dical et param\u00e9dical<\/strong><\/li>\n<\/ol>\n<ul>\n<li>Financer les consultations sp\u00e9cialis\u00e9es et les bilans m\u00e9dicaux non pris en charge par les organismes.<\/li>\n<li>Acqu\u00e9rir du mat\u00e9riel m\u00e9dical ou adapt\u00e9 (protections solaires sp\u00e9cifiques, aides techniques, \u00e9quipements adapt\u00e9s \u00e0 leurs besoins).<\/li>\n<li>Faciliter la coordination des soins pluridisciplinaires entre diff\u00e9rents sp\u00e9cialistes.<\/li>\n<\/ul>\n<ol start=\"2\">\n<li><strong> Soutien \u00e9ducatif et scolaire<\/strong><\/li>\n<\/ol>\n<ul>\n<li>Fournir du mat\u00e9riel p\u00e9dagogique adapt\u00e9 (tablettes, logiciels \u00e9ducatifs, supports pour dyscalculie ou troubles cognitifs).<\/li>\n<li>Mettre en place un accompagnement scolaire personnalis\u00e9 \u00e0 domicile ou \u00e0 distance.<\/li>\n<\/ul>\n<ol start=\"3\">\n<li><strong> Loisirs et inclusion<\/strong><\/li>\n<\/ol>\n<ul>\n<li>Permettre l\u2019acc\u00e8s \u00e0 des activit\u00e9s culturelles ou cr\u00e9atives adapt\u00e9es (mus\u00e9es, th\u00e9\u00e2tre, ateliers, spectacles\u00a0; les places de spectacles sont achet\u00e9es par la famille mais l\u2019organisation et l\u2019acc\u00e8s aux salles sont r\u00e9serv\u00e9es sous le nom de l\u2019association)).<\/li>\n<li>Favoriser l\u2019inclusion sociale dans des activit\u00e9s s\u00e9curis\u00e9es et adapt\u00e9es \u00e0 leurs besoins.<\/li>\n<li>D\u00e9velopper des programmes r\u00e9cr\u00e9atifs et sensoriels \u00e0 domicile pour stimuler leur bien-\u00eatre et leur autonomie.<\/li>\n<\/ul>\n<ol start=\"4\">\n<li><strong> Sensibilisation et information<\/strong><\/li>\n<\/ol>\n<ul>\n<li>Informer et sensibiliser le public aux maladies rares, \u00e0 l\u2019autisme et aux besoins sp\u00e9cifiques des enfants atteints de maladies chroniques.<\/li>\n<li>Diffuser des ressources p\u00e9dagogiques et des guides pratiques pour les familles et professionnels.<\/li>\n<li>Organiser des \u00e9v\u00e9nements culturels, artistiques ou sportifs pour accro\u00eetre la visibilit\u00e9 et la compr\u00e9hension de ces maladies mais \u00e9galement pour lever des fonds.<\/li>\n<\/ul>\n<p><strong>\u00a0<\/strong><\/p>\n","protected":false},"excerpt":{"rendered":"<p>L\u2019association a pour objectif principal de soutenir Christie et Charlie dans leur quotidien, leur sant\u00e9 et leur \u00e9panouissement. Pour cela, elle se fixe plusieurs missions compl\u00e9mentaires : Soutien m\u00e9dical et param\u00e9dical Financer les consultations sp\u00e9cialis\u00e9es et les bilans m\u00e9dicaux non pris en charge par les organismes. Acqu\u00e9rir du mat\u00e9riel m\u00e9dical ou adapt\u00e9 (protections solaires sp\u00e9cifiques, [&hellip;]<\/p>\n","protected":false},"author":1,"featured_media":0,"parent":30,"menu_order":0,"comment_status":"closed","ping_status":"closed","template":"","meta":{"footnotes":""},"class_list":["post-614","page","type-page","status-publish","hentry"],"_links":{"self":[{"href":"https:\/\/la-vie-pour-christie.com\/index.php\/wp-json\/wp\/v2\/pages\/614","targetHints":{"allow":["GET"]}}],"collection":[{"href":"https:\/\/la-vie-pour-christie.com\/index.php\/wp-json\/wp\/v2\/pages"}],"about":[{"href":"https:\/\/la-vie-pour-christie.com\/index.php\/wp-json\/wp\/v2\/types\/page"}],"author":[{"embeddable":true,"href":"https:\/\/la-vie-pour-christie.com\/index.php\/wp-json\/wp\/v2\/users\/1"}],"replies":[{"embeddable":true,"href":"https:\/\/la-vie-pour-christie.com\/index.php\/wp-json\/wp\/v2\/comments?post=614"}],"version-history":[{"count":1,"href":"https:\/\/la-vie-pour-christie.com\/index.php\/wp-json\/wp\/v2\/pages\/614\/revisions"}],"predecessor-version":[{"id":615,"href":"https:\/\/la-vie-pour-christie.com\/index.php\/wp-json\/wp\/v2\/pages\/614\/revisions\/615"}],"up":[{"embeddable":true,"href":"https:\/\/la-vie-pour-christie.com\/index.php\/wp-json\/wp\/v2\/pages\/30"}],"wp:attachment":[{"href":"https:\/\/la-vie-pour-christie.com\/index.php\/wp-json\/wp\/v2\/media?parent=614"}],"curies":[{"name":"wp","href":"https:\/\/api.w.org\/{rel}","templated":true}]}}