{"id":617,"date":"2026-03-30T16:35:27","date_gmt":"2026-03-30T14:35:27","guid":{"rendered":"https:\/\/www.la-vie-pour-christie.com\/?page_id=617"},"modified":"2026-03-30T17:07:11","modified_gmt":"2026-03-30T15:07:11","slug":"nos-actions","status":"publish","type":"page","link":"https:\/\/la-vie-pour-christie.com\/index.php\/lassociation\/nos-actions\/","title":{"rendered":"Nos actions"},"content":{"rendered":"<p><strong>Nos actions concr\u00e8tes<\/strong><\/p>\n<p>Nous nous attachons \u00e0 rendre la vie de Christie et Charlie la plus simple et la plus sereine possible, en mettant en \u0153uvre toutes les strat\u00e9gies n\u00e9cessaires, notamment sur le plan m\u00e9dical.<\/p>\n<p>Cela inclut la possibilit\u00e9 pour Christie et Charlie de se rendre r\u00e9guli\u00e8rement \u00e0 <strong>l\u2019h\u00f4pital Necker \u2013 Enfants Malades<\/strong> \u00e0 Paris, car leur suivi, leur prise en charge et leurs soins n\u00e9cessitent l\u2019expertise d\u2019une \u00e9quipe pluridisciplinaire sp\u00e9cialis\u00e9e en :<\/p>\n<ul>\n<li>g\u00e9n\u00e9tique,<\/li>\n<li>dermatologie,<\/li>\n<li>recherche m\u00e9dicale,<\/li>\n<li>et m\u00e9decine de la douleur.<\/li>\n<\/ul>\n<p>L\u2019association vit gr\u00e2ce aux actions que nous menons \u00e0 travers les manifestations que nous organisons (vente de sacs faits main sur les march\u00e9s de No\u00ebl, repas annuel le premier samedi du mois d\u2019Aout, notre premi\u00e8re randonn\u00e9es solidaire qui sera organis\u00e9e troisi\u00e8me trimestre 2026, une tombola solidaire sera prochainement organis\u00e9e, un nouveau livre \u00e0 venir\u2026) mais \u00e9galement gr\u00e2ce \u00e0 vos dons, \u00e0 vos soutiens personnels et financiers, gr\u00e2ce au partenariat financier que nous avons sign\u00e9 avec Messieurs Messina et Alav\u00e8s il y a plusieurs ann\u00e9es, gr\u00e2ce aux entreprises LG Services \u00e9lectricit\u00e9 de Cabri\u00e8res d\u2019Avignon, \u00e0 toutes et tous les b\u00e9n\u00e9voles qui cr\u00e9aient de leurs petites mains des articles vendus lors de march\u00e9s de No\u00ebl par exemple, aux points de ventes qui acceptent de prendre des articles \u00e0 vendre au profit de notre association, aux municipalit\u00e9s (Lagnes et Cabri\u00e8res d\u2019Avignon), au comit\u00e9s des f\u00eates (Lagnes, Cabri\u00e8res d\u2019Avignon, Maubec) qui nous apportent leurs soutiens.<\/p>\n<p>En 2024, nous a rejoint pour notre plus grand plaisir un parrain en la personne de Philippe Roche. Il nous a fait l\u2019honneur et le plaisir d\u2019accepter une invitation \u00e0 nous rencontrer, il est rentr\u00e9 dans notre vie, en immersion dans notre famille et aupr\u00e8s de Christie et Charlie puis il nous a rejoint officiellement pour parrainer nos combats et nos actions. (<a href=\"https:\/\/www.la-vie-pour-christie.com\/index.php\/notre-parrain\/\"> la page parrain<\/a>)<\/p>\n<p>&nbsp;<\/p>\n","protected":false},"excerpt":{"rendered":"<p>Nos actions concr\u00e8tes Nous nous attachons \u00e0 rendre la vie de Christie et Charlie la plus simple et la plus sereine possible, en mettant en \u0153uvre toutes les strat\u00e9gies n\u00e9cessaires, notamment sur le plan m\u00e9dical. Cela inclut la possibilit\u00e9 pour Christie et Charlie de se rendre r\u00e9guli\u00e8rement \u00e0 l\u2019h\u00f4pital Necker \u2013 Enfants Malades \u00e0 Paris, [&hellip;]<\/p>\n","protected":false},"author":1,"featured_media":0,"parent":30,"menu_order":3,"comment_status":"closed","ping_status":"closed","template":"","meta":{"footnotes":""},"class_list":["post-617","page","type-page","status-publish","hentry"],"_links":{"self":[{"href":"https:\/\/la-vie-pour-christie.com\/index.php\/wp-json\/wp\/v2\/pages\/617","targetHints":{"allow":["GET"]}}],"collection":[{"href":"https:\/\/la-vie-pour-christie.com\/index.php\/wp-json\/wp\/v2\/pages"}],"about":[{"href":"https:\/\/la-vie-pour-christie.com\/index.php\/wp-json\/wp\/v2\/types\/page"}],"author":[{"embeddable":true,"href":"https:\/\/la-vie-pour-christie.com\/index.php\/wp-json\/wp\/v2\/users\/1"}],"replies":[{"embeddable":true,"href":"https:\/\/la-vie-pour-christie.com\/index.php\/wp-json\/wp\/v2\/comments?post=617"}],"version-history":[{"count":4,"href":"https:\/\/la-vie-pour-christie.com\/index.php\/wp-json\/wp\/v2\/pages\/617\/revisions"}],"predecessor-version":[{"id":655,"href":"https:\/\/la-vie-pour-christie.com\/index.php\/wp-json\/wp\/v2\/pages\/617\/revisions\/655"}],"up":[{"embeddable":true,"href":"https:\/\/la-vie-pour-christie.com\/index.php\/wp-json\/wp\/v2\/pages\/30"}],"wp:attachment":[{"href":"https:\/\/la-vie-pour-christie.com\/index.php\/wp-json\/wp\/v2\/media?parent=617"}],"curies":[{"name":"wp","href":"https:\/\/api.w.org\/{rel}","templated":true}]}}