{"id":620,"date":"2026-03-30T16:37:51","date_gmt":"2026-03-30T14:37:51","guid":{"rendered":"https:\/\/www.la-vie-pour-christie.com\/?page_id=620"},"modified":"2026-05-11T15:59:05","modified_gmt":"2026-05-11T13:59:05","slug":"notre-parrain","status":"publish","type":"page","link":"https:\/\/la-vie-pour-christie.com\/index.php\/notre-parrain\/","title":{"rendered":"Philippe Roche"},"content":{"rendered":"<p>En 2024, nous a rejoint pour notre plus grand plaisir un parrain exceptionnel en la personne de Philippe Roche.\u00a0 Il nous a fait l\u2019honneur et le plaisir d\u2019accepter une invitation \u00e0 nous rencontrer, il est rentr\u00e9 dans notre vie, en immersion dans notre famille, dans notre foyer et aupr\u00e8s de Christie et Charlie puis il nous a rejoint officiellement pour parrainer nos combats et nos actions.<\/p>\n<p>Au-del\u00e0 de sa personnalit\u00e9 enjou\u00e9e, Philippe est un grand sensible, Christie et Charlie ont su le toucher, tr\u00e8s rapidement et s\u2019est install\u00e9e une amiti\u00e9 qui dure. Philippe est rempli de compassion, d\u2019empathie, de sympathie et d\u2019humilit\u00e9. Il fourmille d\u2019id\u00e9es et de \u00a0projets pour l\u2019association, d\u2019aides \u00e0 apporter \u00e0 Christie et Charlie, Charlie avec qui il a une complicit\u00e9 ind\u00e9niable puisque son m\u00e9tier la fascine, c\u00f4t\u00e9 coulisse.<\/p>\n<p>En octobre 2024, il nous a offert un moment inoubliable en pr\u00e9sentant son spectacle \u00ab\u00a0Et dieu cr\u00e9a la voix\u00a0\u00bb dans notre petit village de Lagnes, pour un moment de bonheur et de bonne humeur.<\/p>\n<p>&nbsp;<\/p>\n<p>ses r\u00e9seaux :<img loading=\"lazy\" decoding=\"async\" class=\"size-full wp-image-621 alignleft\" src=\"https:\/\/www.la-vie-pour-christie.com\/wp-content\/uploads\/2026\/03\/parrain-2026.png\" alt=\"\" width=\"192\" height=\"240\" \/><\/p>\n<p><a href=\"https:\/\/www.instagram.com\/philippe.roche?igsh=MWV4eW5majU4cGY5aA==\" target=\"_blank\" rel=\"noopener\"><img loading=\"lazy\" decoding=\"async\" class=\"alignnone wp-image-680\" src=\"https:\/\/www.la-vie-pour-christie.com\/wp-content\/uploads\/2026\/05\/logo-ig-png-32464.png\" alt=\"\" width=\"66\" height=\"73\" \/><\/a>\u00a0<a href=\"https:\/\/www.facebook.com\/share\/1HUbbPDyba\/\" target=\"_blank\" rel=\"noopener\"><img loading=\"lazy\" decoding=\"async\" class=\"alignnone wp-image-681\" src=\"https:\/\/www.la-vie-pour-christie.com\/wp-content\/uploads\/2026\/05\/logo-facebookpng-32202.png\" alt=\"\" width=\"62\" height=\"72\" \/><\/a><\/p>\n<p>&nbsp;<\/p>\n","protected":false},"excerpt":{"rendered":"<p>En 2024, nous a rejoint pour notre plus grand plaisir un parrain exceptionnel en la personne de Philippe Roche.\u00a0 Il nous a fait l\u2019honneur et le plaisir d\u2019accepter une invitation \u00e0 nous rencontrer, il est rentr\u00e9 dans notre vie, en immersion dans notre famille, dans notre foyer et aupr\u00e8s de Christie et Charlie puis il [&hellip;]<\/p>\n","protected":false},"author":1,"featured_media":0,"parent":0,"menu_order":0,"comment_status":"closed","ping_status":"closed","template":"","meta":{"footnotes":""},"class_list":["post-620","page","type-page","status-publish","hentry"],"_links":{"self":[{"href":"https:\/\/la-vie-pour-christie.com\/index.php\/wp-json\/wp\/v2\/pages\/620","targetHints":{"allow":["GET"]}}],"collection":[{"href":"https:\/\/la-vie-pour-christie.com\/index.php\/wp-json\/wp\/v2\/pages"}],"about":[{"href":"https:\/\/la-vie-pour-christie.com\/index.php\/wp-json\/wp\/v2\/types\/page"}],"author":[{"embeddable":true,"href":"https:\/\/la-vie-pour-christie.com\/index.php\/wp-json\/wp\/v2\/users\/1"}],"replies":[{"embeddable":true,"href":"https:\/\/la-vie-pour-christie.com\/index.php\/wp-json\/wp\/v2\/comments?post=620"}],"version-history":[{"count":7,"href":"https:\/\/la-vie-pour-christie.com\/index.php\/wp-json\/wp\/v2\/pages\/620\/revisions"}],"predecessor-version":[{"id":685,"href":"https:\/\/la-vie-pour-christie.com\/index.php\/wp-json\/wp\/v2\/pages\/620\/revisions\/685"}],"wp:attachment":[{"href":"https:\/\/la-vie-pour-christie.com\/index.php\/wp-json\/wp\/v2\/media?parent=620"}],"curies":[{"name":"wp","href":"https:\/\/api.w.org\/{rel}","templated":true}]}}