{"id":627,"date":"2026-03-30T16:44:05","date_gmt":"2026-03-30T14:44:05","guid":{"rendered":"https:\/\/www.la-vie-pour-christie.com\/?page_id=627"},"modified":"2026-05-11T15:45:09","modified_gmt":"2026-05-11T13:45:09","slug":"627-2","status":"publish","type":"page","link":"https:\/\/la-vie-pour-christie.com\/index.php\/627-2\/","title":{"rendered":"Partenariat"},"content":{"rendered":"<p>Nous avons le plaisir de vous annoncer la reconduction du contrat jusqu\u2019en d\u00e9cembre\u00a0<strong><span style=\"color: #ff00ff;\">2026<\/span>.<\/strong><\/p>\n<p>&nbsp;<\/p>\n<p style=\"text-align: center;\"><strong>Avec Monsieur Alaves Fr\u00e9d\u00e9ric et Monsieur Messina,<\/strong><br \/>\n<strong>auto entrepreneurs et partenaires financiers.<\/strong><\/p>\n<p><strong>\u00a0<\/strong><\/p>\n<p>Pour cela, vous pourrez les croiser\u00a0:<\/p>\n<p>* Sur les voies publiques,\u00a0avec autorisations Pr\u00e9fectorales, autorisations des gendarmeries des villes dans lesquelles ils souhaitent s\u2019installer ainsi que sur autorisations Municipales.<\/p>\n<p>*Dans les galeries des supers et hyper march\u00e9s de France.<\/p>\n<p><strong>Les objets mis en vente, casquettes, stylos, peluches et autres, sont des produits\u00a0:<\/strong><\/p>\n<p>*<u>VENDUS POUR LE COMPTE DE LEURS ENTREPRISES<\/u>, (chacun \u00e9tant auto entrepreneur)<\/p>\n<p><u>* AUCUN PRODUIT<\/u>\u00a0N\u2019EST VENDU <u>AU PROFIT<\/u>\u00a0<u>DE NOTRE ASSOCIATION<\/u>,<\/p>\n<p>*ILS NE SONT PAS BENEVOLES DE NOTRE ASSOCIATION.<\/p>\n<p><strong>Le partenariat que nous avons sign\u00e9, un\u00a0<u>contrat clair et solidaire<\/u>, stipule qu\u2019ils nous versent la somme mensuelle fixe de 400 euros, g\u00e9n\u00e9r\u00e9e par la vente des dits objets publicitaires.<\/strong><\/p>\n<p>Par ailleurs, ils sont autoris\u00e9s \u00e0 mettre notre association en avant, en stipulant clairement les d\u00e9tails de notre partenariat jusqu\u2019en d\u00e9cembre 2027, puisque leurs interventions contribuent \u00e0 sensibiliser sur la probl\u00e9matique du handicap et des maladies rares, en expliquant que les articles qu\u2019ils proposent <strong>ne font pas l\u2019objet d\u2019une vente dite \u00ab\u00a0au profit de notre association\u00a0\u00bb<\/strong> mais dans le cadre de ce partenariat.<\/p>\n<p>Ce partenariat est une source de contribution mensuelle essentielle \u00e0 notre association.<\/p>\n<p>Pour tous renseignements, vous pouvez nous contacter par t\u00e9l\u00e9phone au 06.81.19.96.90.<\/p>\n<p>(N\u2019h\u00e9sitez pas \u00e0 nous laisser un message nous vous rappelons dans l\u2019heure qui suit.)<\/p>\n<p>H\u00e9l\u00e8ne ROBERT, Pr\u00e9sidente<\/p>\n<p><img loading=\"lazy\" decoding=\"async\" class=\"alignnone size-full wp-image-677 aligncenter\" src=\"https:\/\/www.la-vie-pour-christie.com\/wp-content\/uploads\/2026\/05\/ours.png\" alt=\"\" width=\"300\" height=\"300\" srcset=\"https:\/\/la-vie-pour-christie.com\/wp-content\/uploads\/2026\/05\/ours.png 300w, https:\/\/la-vie-pour-christie.com\/wp-content\/uploads\/2026\/05\/ours-150x150.png 150w\" sizes=\"auto, (max-width: 300px) 100vw, 300px\" \/><\/p>\n","protected":false},"excerpt":{"rendered":"<p>Nous avons le plaisir de vous annoncer la reconduction du contrat jusqu\u2019en d\u00e9cembre\u00a02026. &nbsp; Avec Monsieur Alaves Fr\u00e9d\u00e9ric et Monsieur Messina, auto entrepreneurs et partenaires financiers. \u00a0 Pour cela, vous pourrez les croiser\u00a0: * Sur les voies publiques,\u00a0avec autorisations Pr\u00e9fectorales, autorisations des gendarmeries des villes dans lesquelles ils souhaitent s\u2019installer ainsi que sur autorisations Municipales. [&hellip;]<\/p>\n","protected":false},"author":1,"featured_media":0,"parent":0,"menu_order":0,"comment_status":"closed","ping_status":"closed","template":"","meta":{"footnotes":""},"class_list":["post-627","page","type-page","status-publish","hentry"],"_links":{"self":[{"href":"https:\/\/la-vie-pour-christie.com\/index.php\/wp-json\/wp\/v2\/pages\/627","targetHints":{"allow":["GET"]}}],"collection":[{"href":"https:\/\/la-vie-pour-christie.com\/index.php\/wp-json\/wp\/v2\/pages"}],"about":[{"href":"https:\/\/la-vie-pour-christie.com\/index.php\/wp-json\/wp\/v2\/types\/page"}],"author":[{"embeddable":true,"href":"https:\/\/la-vie-pour-christie.com\/index.php\/wp-json\/wp\/v2\/users\/1"}],"replies":[{"embeddable":true,"href":"https:\/\/la-vie-pour-christie.com\/index.php\/wp-json\/wp\/v2\/comments?post=627"}],"version-history":[{"count":4,"href":"https:\/\/la-vie-pour-christie.com\/index.php\/wp-json\/wp\/v2\/pages\/627\/revisions"}],"predecessor-version":[{"id":678,"href":"https:\/\/la-vie-pour-christie.com\/index.php\/wp-json\/wp\/v2\/pages\/627\/revisions\/678"}],"wp:attachment":[{"href":"https:\/\/la-vie-pour-christie.com\/index.php\/wp-json\/wp\/v2\/media?parent=627"}],"curies":[{"name":"wp","href":"https:\/\/api.w.org\/{rel}","templated":true}]}}