{"id":641,"date":"2026-03-30T16:57:42","date_gmt":"2026-03-30T14:57:42","guid":{"rendered":"https:\/\/www.la-vie-pour-christie.com\/?page_id=641"},"modified":"2026-03-30T16:57:42","modified_gmt":"2026-03-30T14:57:42","slug":"parler-de-nous","status":"publish","type":"page","link":"https:\/\/la-vie-pour-christie.com\/index.php\/parler-de-nous\/","title":{"rendered":"Parler de nous"},"content":{"rendered":"<p>Parfois, la plus belle aide est la <strong>visibilit\u00e9<\/strong>.<br \/>\nPartagez notre histoire autour de vous, sur les r\u00e9seaux sociaux, dans votre entourage ou votre entreprise.<br \/>\nPlus nous serons nombreux \u00e0 les soutenir, plus leur avenir sera apais\u00e9.<\/p>\n<p>Lien fb assoChristie<\/p>\n<p>Lien insta assochristie<\/p>\n<p>Lien fb Mamande.<\/p>\n","protected":false},"excerpt":{"rendered":"<p>Parfois, la plus belle aide est la visibilit\u00e9. Partagez notre histoire autour de vous, sur les r\u00e9seaux sociaux, dans votre entourage ou votre entreprise. Plus nous serons nombreux \u00e0 les soutenir, plus leur avenir sera apais\u00e9. Lien fb assoChristie Lien insta assochristie Lien fb Mamande.<\/p>\n","protected":false},"author":1,"featured_media":0,"parent":0,"menu_order":0,"comment_status":"closed","ping_status":"closed","template":"","meta":{"footnotes":""},"class_list":["post-641","page","type-page","status-publish","hentry"],"_links":{"self":[{"href":"https:\/\/la-vie-pour-christie.com\/index.php\/wp-json\/wp\/v2\/pages\/641","targetHints":{"allow":["GET"]}}],"collection":[{"href":"https:\/\/la-vie-pour-christie.com\/index.php\/wp-json\/wp\/v2\/pages"}],"about":[{"href":"https:\/\/la-vie-pour-christie.com\/index.php\/wp-json\/wp\/v2\/types\/page"}],"author":[{"embeddable":true,"href":"https:\/\/la-vie-pour-christie.com\/index.php\/wp-json\/wp\/v2\/users\/1"}],"replies":[{"embeddable":true,"href":"https:\/\/la-vie-pour-christie.com\/index.php\/wp-json\/wp\/v2\/comments?post=641"}],"version-history":[{"count":1,"href":"https:\/\/la-vie-pour-christie.com\/index.php\/wp-json\/wp\/v2\/pages\/641\/revisions"}],"predecessor-version":[{"id":645,"href":"https:\/\/la-vie-pour-christie.com\/index.php\/wp-json\/wp\/v2\/pages\/641\/revisions\/645"}],"wp:attachment":[{"href":"https:\/\/la-vie-pour-christie.com\/index.php\/wp-json\/wp\/v2\/media?parent=641"}],"curies":[{"name":"wp","href":"https:\/\/api.w.org\/{rel}","templated":true}]}}